) + 8 - (-22 + 0)?
17
(-11 - 4 - -14) + -6 - (-5 + 0)
-2
What is -8 + (16 - 10) - (5 - -6)?
-13
Calculate 237 + -256 - (0 + -16).
-3
What is the value of (3 - 9 - -3) + -7 + 0?
-10
3 - (-2 + -6 - (-6 - (6 + -8)))
7
(-6 - 13 - -17) + 18
16
Evaluate -3 + -4 + 1 + (789 - 783).
0
What is 8 + (-4 - -6) + -6 + 9?
13
Calculate (5 - 10) + -3 + 18 + 4.
14
Evaluate 6 + (20 + 2 + -9 - 34).
-15
Evaluate (-1 + 6 - (1 + 1)) + -11.
-8
Evaluate (1 + -10 - (84 - 78)) + 46.
31
What is the value of 21 - (-28 + 0 + 31 - (-7 + 1))?
12
What is the value of -7 - (-12 + (9 - -1))?
-5
What is 67 + -10 + -49 - (5 - (-1 - 0))?
2
What is the value of 1 + (-12 - -3) + 7 + 1?
0
What is the value of 12 + (4 - (0 + 11)) + 8 - 7?
6
Evaluate (-5 + -2 - -2) + 23 + -5 - 7.
6
Calculate -17 - -6 - (-16 - -2).
3
Calculate 7 + -2 + 1 + (3 - 13) + 10.
6
What is the value of 7 + (-2 - (-9 - -14 - -1) - -27)?
26
What is -8 + (13 - (26 - 26))?
5
Calculate (-3 - (1 - 4)) + (32 - 37) - -11.
6
31 - (18 + 0) - -3
16
What is -24 - -1 - (-24 + 18) - (-10 + 3)?
-10
What is (7 - (5 + (9 - 6) + -4)) + -5?
-2
27 + -32 - (-2 - -4)
-7
Evaluate 18 + 22 + 21 + -45.
16
-2 - (7 - (-4 - -5 - -9) - -24)
-23
Evaluate -7 + (0 - 2 - -1 - -4) - -12.
8
What is 0 + -2 + 18 + -15?
1
33 + -34 + (1 - -1) - (6 - 4)
-1
What is the value of 8 + -8 + 1 + (12 + -22 - -13)?
4
What is -8 + (6 - 2) + -16 + 8?
-12
Evaluate (1 - (-10 - -15)) + 4.
0
Evaluate (3 + 2 - 1) + (-14 - (0 - -3)).
-13
What is -10 + -12 + 22 - 4?
-4
What is (0 - 9) + (4 - 25) + 22?
-8
Calculate (-10 - 1) + 75 + -68 + -7.
-11
What is 14 + (18 - 24) + 11?
19
Calculate 5 - (6 + 4 + -7) - -3.
5
What is 26 + -11 + (-27 - -5)?
-7
What is the value of -16 - ((-223 - -220) + (1 - -3))?
-17
Evaluate (-9 - 2) + 59 + -60 + 3.
-9
Calculate -10 - ((48 - 13) + -21).
-24
-6 - (9 + 4 + -56) - 9
28
Calculate (37 - (31 + -24)) + (-14 - -1).
17
Calculate (9 - 4) + 7 + -48 + 60.
24
(17 - 59) + (-6 - -21)
-27
What is 2 + -3 + 4 + -15 + -14 + 27?
1
Evaluate 32 + -37 + (3 - (4 - 17)).
11
(26 - 47) + 30 + 10
19
Evaluate (-8 - -33) + (23 - (19 - -15)).
14
Evaluate -19 + 7 + -6 - -10.
-8
What is (-38 - -49) + -9 - (5 + (2 - 1))?
-4
What is the value of 13 - (1 + (10 - (-10 - -24)))?
16
What is the value of 19 + 30 + -40 - 29?
-20
What is the value of -16 - (2 - (-5 + -3 + 5 + 4))?
-17
Calculate 11 + 1 + (-6 - -4) + -29 + 32.
13
Evaluate -452 + 436 - (19 - 2).
-33
What is (2 + -4 + -6 - -4 - 1) + -6?
-11
Evaluate 10 + -310 + 313 + (-7 - (0 + 1)).
5
Calculate -6 + (-6 - (-12 + 13)).
-13
What is -248 - -241 - (7 + (1 - -2 - 2))?
-15
What is -8 + (11 - (-9 - -20))?
-8
8 + (-16 - (-9 - ((-1 - 4) + 0)))
-4
0 - -30 - (1184 - 1141)
-13
Calculate -1 - -11 - (646 - 634).
-2
What is the value of -2 + 3 - (1 - 0) - (-163 + 168)?
-5
-6 + (-3 - (0 - -4 - -2 - 18))
3
Evaluate 120 + -122 + 8 + 0.
6
(8 - 1) + (22 + 3 + -14 - 18)
0
Calculate 10 - (15 - 2) - (-20 - (-9 + 5)).
13
Evaluate -15 + 13 - 23 - -46.
21
Calculate (71 - 95) + 1 + (4 - (0 - 0)).
-19
17 + -3 + 0 - (17 + -9)
6
What is -30 - 0 - (-1191 - -1192)?
-31
Calculate 2 + -2 + (-33 - -36 - (1 + 0)).
2
21 - 3 - (-1 + -5 + 5)
19
What is (-7 - -2) + (0 + -11 + 7 - 7)?
-16
Calculate (-6 - (16 + -2 + -59)) + -16.
23
Calculate 9 - 8 - (7 - (-2 + (-1 - -4))).
-5
Calculate 7 - (15 + -18 + 25).
-15
Evaluate -9 + 26 + (-1 - 31).
-15
What is the value of 11 - 18 - (18 - (10 - 3))?
-18
Calculate 2 + (-1 - (3 - 2)) + (31 - 30).
1
What is 7 - (-12 - (-18 + 12))?
13
What is the value of 3 + -15 - (220 - 201)?
-31
What is the value of -5 - (0 - (4 + 2 + -5)) - 5?
-9
What is the value of (-6 - 0) + (0 - -4) + 19 + -17?
0
Evaluate -6 - (-16 - (10 - (38 + 11))).
-29
Calculate -3 - (3 + -12) - (9 - 3).
0
What is the value of 0 + 3 - ((-1 - -12) + 8 - 11)?
-5
What is the value of -24 - ((-12 - 2) + 5 + 3)?
-18
-7 + -11 + 9 + (-59 - -98)
30
Calculate ((-9 - 3) + 5 - -8 - -5) + 2.
8
Calculate (-6 - 46) + 8 + 45.
1
Evaluate -13 + 42 + -57 + 42.
14
What is the value of -12 - (-3 - (1 + 6))?
-2
What is the value of -8 - -1 - ((-5 - -5) + -14)?
7
Evaluate -5 - -15 - (-6 + -8 + (-2 - -10)).
16
Calculate 28 + (-14 - 8) + (0 - -7).
13
What is the value of -2 + (5 - 6 - -5) + 7?
9
What is 3 - (23 - 38) - 4?
14
Calculate -22 - (-4 + 1) - -40.
21
-2 - (156 - 175 - (-18 + 1))
0
Evaluate -11 + (-1 - 5 - -3) + 17.
3
Calculate (19 - 56) + (26 - 9).
-20
2 + -14 - -7 - (-2 + -18)
15
What is 60 - 77 - (-8 - 22)?
13
Evaluate -3 + 5 - (9 - 20).
13
6 - (-11 - (-7 + 2) - -4) - 25
-17
10 + 110 + -110 + -1 + -13
-4
What is the value of -96 - -103 - (-7 - -1)?
13
What is (-31 - (19 + -33)) + 20?
3
24 - 3 - (9 - 11)
23
What is -197 + 209 + 1 + -14?
-1
What is 1 + -4 + 1 + (30 - 0) + -17?
11
Evaluate 1 + -17 + (27 - (-18 - -27)).
2
What is the value of 21 + (-51 - -45) + (-6 - (-1 - -1))?
9
Evaluate -14 + (8 - 10) + 11.
-5
4 + 25 + -6 - 29
-6
Calculate -7 + -3 + 2 - -22 - 2.
12
Calculate -18 - (1 + (-39 - -11)).
9
Calculate 1 + 28 + (-21 + 8 - (4 + -7)).
19
Calculate 10 + (3 - (-6 - -26)) - 1.
-8
Evaluate (-12 + 3 - 3) + (15 - (10 + -1)).
-6
What is 8 - 10 - (-36 + 40 - (5 - 0))?
-1
What is the value of 1 + -36 + 1 + 3 + 1 + 0?
-30
Evaluate 10 + -1 + (-26 - -46 - 35).
-6
Evaluate -6 + 1 - -4 - (51 - 49).
-3
What is the value of -36 - -36 - (16 + -1)?
-15
Calculate 9 - (35 + (9 - 23)).
-12
What is the value of 9 + 9 + -8 - 4?
6
What is -1 - 9 - (23 - 4 - 25)?
-4
What is the value of -1 + 22 - (-264 - -272) - (-7 + 1)?
19
(2 - -1) + -7 - (-11 - -12 - 22)
17
Evaluate 9 + -11 + -6 + 0.
-8
Calculate 14 + -19 + (-5 - -7) + 5.
2
-21 + (32 - -6) + -22
-5
Evaluate -15 - 5 - -25 - 20.
-15
Evaluate 109 - 115 - (6 + 1).
-13
What is (-18 - (-4 + 7)) + (5 - 19) + 21?
-14
-19 - ((-45 - -2) + 16)
8
(22 - 19) + -17 - -6
-8
What is the value of (17 - (14 - 19)) + -50?
-28
Evaluate -10 + 12 - (-5 + (9 - 5) + 0).
3
8 - (-9 - -30) - -13 - 10
-10
What is 28 + (4 - 34) + 26?
24
What is -8 + -1 - (-10 - -1) - 3?
-3
0 + -1 + (-3 - 0) + (-465 - -488)
19
Evaluate -43 + 12 + 12 - (21 + -9).
-31
What is the value of 1 - 1 - ((-1 - -2) + 2 - 4)?
1
What is -4 + -17 + 18 - (-1 - 0) - 4?
-6
(33 + -41 - (1 + -11)) + -11
-9
What is the value of -2 + 18 + -16 + -13?
-13
Evaluate 22 - 12 - 12 - (-20 - (-3 - -13)).
28
Calculate 3 + (0 - -1) - (7644 - 7630).
-10
7 + -22 - (-7 + 0 - -4) - -2
-10
-8 - (-3 - (5 + -7) - 9)
2
Evaluate 4 - (-9 + (-7 - -9) + 1).
10
What is -2 + (0 - (11 - 18))?
5
Calculate 2 + -7 - (-8 + (8 - -19) + -15).
-9
Calculate -17 - (8 - (-10 + 20)).
-15
-14 - 4 - (-14 - -4) - -13
5
(-2 - -12) + (20 - 21)
9
Evaluate -6 - ((2 - 3) + -11).
6
What is the value of 2 + 0 - 0 - (12 - (-3 - -9))?
-4
7 + 4 - (2 + -3)
12
Evaluate -8 + (15 - (-14 - -10)).
11
Evaluate 271 + -267 + (-4 - (-2 - -2)).
0
-7 + 2 + 1 + 2 - (2632 - 2656)
22
What is 33 + -72 + -16 + 28?
-27
Evaluate 19 + (-65 - -17) + 54.
25
Evaluate -22 - (6 - (2 + -16 + 31)).
-11
What is -4 - (-21 - -21 - (0 + 4 - 4))?
-4
Calculate 9 + -8 + (10 - 3) + -2.
6
Evaluate -9 - (-43 + -1) - (20 - 7).
22
Calculate 6 - 3 - (-2 + -7 + 17 - -7).
-12
Evaluate 5 - (-7 + (-2 - -2)).
12
What is the value of -4 + (2 - (-3 - -12 - 13))?
2
What is the value of (9 - (1 + 17)) + -3?
-12
Calculate (5 - 4) + 6 - 15 - (-1 + -24).
17
What is the value of (-8 - -8) + (12 - 27)?
-15
Calculate -19 + (-19 - (-39 - -43)).
-42
5 + -8 + -1 + -4 + 2
-6
What is the value of 32 + 16 + (2 - 37)?
13
20 + ((-4 - -1) + 0 + -18 - -12)
11
What is the value of -38 - -33 - (3 + -11 + 3 - -2)?
-2
-2 + 2 - 1 - ((29 - 40) + 18)
-8
What is the value of (260 - 291) + -4 + 8?
-27
Evaluate 8 + -40 + 98 + -66.
0
What is the value of 10 + 0 + (-4 - -1 - (5 + -11))?
13
What is -27 + (9 - (23 + -14 - 1))?
-26
7 + (6 - 19 - -9)
3
(-5 + -4 - (18 - 32)) + -11
-6
What is the value of (-3 - -6) + -8 + -8 + (-36 - -43)?
-6
Calculate -45 + (30 - -3) - (-8 - 0).
-4
Evaluate -6 + (-18 + 10 + (-4 - -8) - -31).
21
Calculate (-3 + (3 - 2) - -3) + (267 - 294).
-26
Evaluate 22 + (-24 - -6 - (5 + -16)).
15
Calculate 1 + 4 + 3 - (4 - 5).
9
Evaluate -8 + (1 - -4) - (1 + -15).
11
Evaluate -6 - (38 + -29) - -34.
19
What is 27 - 14 - (3 + -8)?
18
What is 0 + -6 + -5 + (12 - -2)?
3
What is 53 - 68 - (-10 + -5 + 4)?
-4
What is 25 + (12 + (3 - 0) - 8 - 13)?
19
What is the value of 129 + -115 - (1 - -3)?
10
What is the va